{"id":1165,"date":"2024-01-12T15:50:00","date_gmt":"2024-01-12T15:50:00","guid":{"rendered":"https:\/\/tomeucaldentey.com\/el-cuiner\/"},"modified":"2024-03-15T09:53:10","modified_gmt":"2024-03-15T09:53:10","slug":"el-cuiner","status":"publish","type":"page","link":"https:\/\/tomeucaldentey.com\/ca\/el-cuiner\/","title":{"rendered":"El cuiner"},"content":{"rendered":"\t\t<div data-elementor-type=\"wp-page\" data-elementor-id=\"1165\" class=\"elementor elementor-1165 elementor-28\" data-elementor-post-type=\"page\">\n\t\t\t\t<div class=\"elementor-element elementor-element-a27289d e-flex e-con-boxed e-con e-parent\" data-id=\"a27289d\" data-element_type=\"container\" data-e-type=\"container\" data-settings=\"{&quot;background_background&quot;:&quot;classic&quot;}\">\n\t\t\t\t\t<div class=\"e-con-inner\">\n\t\t<div class=\"elementor-element elementor-element-8d094cc e-con-full e-flex e-con e-child\" data-id=\"8d094cc\" data-element_type=\"container\" data-e-type=\"container\" data-settings=\"{&quot;sticky&quot;:&quot;top&quot;,&quot;sticky_on&quot;:[&quot;desktop&quot;],&quot;sticky_offset&quot;:110,&quot;sticky_parent&quot;:&quot;yes&quot;,&quot;sticky_effects_offset&quot;:0,&quot;sticky_anchor_link_offset&quot;:0}\">\n\t\t\t\t<div class=\"elementor-element elementor-element-8d0efad elementor-widget elementor-widget-image\" data-id=\"8d0efad\" data-element_type=\"widget\" data-e-type=\"widget\" data-widget_type=\"image.default\">\n\t\t\t\t<div class=\"elementor-widget-container\">\n\t\t\t\t\t\t\t\t\t\t\t\t\t\t\t\t<a href=\"https:\/\/tomeucaldentey.com\/wp-content\/uploads\/2024\/02\/tomeu-caldentey-restaurante-mallorca-2.jpeg\" data-elementor-open-lightbox=\"yes\" data-e-action-hash=\"#elementor-action%3Aaction%3Dlightbox%26settings%3DeyJpZCI6MTAwMiwidXJsIjoiaHR0cHM6XC9cL3RvbWV1Y2FsZGVudGV5LmNvbVwvd3AtY29udGVudFwvdXBsb2Fkc1wvMjAyNFwvMDJcL3RvbWV1LWNhbGRlbnRleS1yZXN0YXVyYW50ZS1tYWxsb3JjYS0yLmpwZWcifQ%3D%3D\">\n\t\t\t\t\t\t\t<img fetchpriority=\"high\" decoding=\"async\" width=\"1365\" height=\"2048\" src=\"https:\/\/tomeucaldentey.com\/wp-content\/uploads\/2024\/02\/tomeu-caldentey-restaurante-mallorca-2.jpeg\" class=\"attachment-full size-full wp-image-1002\" alt=\"\" srcset=\"https:\/\/tomeucaldentey.com\/wp-content\/uploads\/2024\/02\/tomeu-caldentey-restaurante-mallorca-2.jpeg 1365w, https:\/\/tomeucaldentey.com\/wp-content\/uploads\/2024\/02\/tomeu-caldentey-restaurante-mallorca-2-200x300.jpeg 200w, https:\/\/tomeucaldentey.com\/wp-content\/uploads\/2024\/02\/tomeu-caldentey-restaurante-mallorca-2-683x1024.jpeg 683w, https:\/\/tomeucaldentey.com\/wp-content\/uploads\/2024\/02\/tomeu-caldentey-restaurante-mallorca-2-768x1152.jpeg 768w, https:\/\/tomeucaldentey.com\/wp-content\/uploads\/2024\/02\/tomeu-caldentey-restaurante-mallorca-2-1024x1536.jpeg 1024w\" sizes=\"(max-width: 1365px) 100vw, 1365px\" \/>\t\t\t\t\t\t\t\t<\/a>\n\t\t\t\t\t\t\t\t\t\t\t\t\t\t\t<\/div>\n\t\t\t\t<\/div>\n\t\t\t\t<\/div>\n\t\t<div class=\"elementor-element elementor-element-cc4a102 e-con-full e-flex e-con e-child\" data-id=\"cc4a102\" data-element_type=\"container\" data-e-type=\"container\">\n\t\t\t\t<div class=\"elementor-element elementor-element-2fc4888 elementor-widget elementor-widget-heading\" data-id=\"2fc4888\" data-element_type=\"widget\" data-e-type=\"widget\" data-widget_type=\"heading.default\">\n\t\t\t\t<div class=\"elementor-widget-container\">\n\t\t\t\t\t<h1 class=\"elementor-heading-title elementor-size-default\">Tomeu Caldentey Soler<\/h1>\t\t\t\t<\/div>\n\t\t\t\t<\/div>\n\t\t\t\t<div class=\"elementor-element elementor-element-60ae9d0 e-transform elementor-widget-tablet__width-inherit elementor-widget elementor-widget-heading\" data-id=\"60ae9d0\" data-element_type=\"widget\" data-e-type=\"widget\" data-settings=\"{&quot;_transform_rotateZ_effect&quot;:{&quot;unit&quot;:&quot;px&quot;,&quot;size&quot;:-5,&quot;sizes&quot;:[]},&quot;_transform_rotateZ_effect_tablet&quot;:{&quot;unit&quot;:&quot;deg&quot;,&quot;size&quot;:&quot;&quot;,&quot;sizes&quot;:[]},&quot;_transform_rotateZ_effect_mobile&quot;:{&quot;unit&quot;:&quot;deg&quot;,&quot;size&quot;:&quot;&quot;,&quot;sizes&quot;:[]}}\" data-widget_type=\"heading.default\">\n\t\t\t\t<div class=\"elementor-widget-container\">\n\t\t\t\t\t<h2 class=\"elementor-heading-title elementor-size-default\">el cuiner<\/h2>\t\t\t\t<\/div>\n\t\t\t\t<\/div>\n\t\t\t\t<div class=\"elementor-element elementor-element-81a7f99 elementor-widget-tablet__width-inherit elementor-widget elementor-widget-text-editor\" data-id=\"81a7f99\" data-element_type=\"widget\" data-e-type=\"widget\" data-widget_type=\"text-editor.default\">\n\t\t\t\t<div class=\"elementor-widget-container\">\n\t\t\t\t\t\t\t\t\t<p>&#8220;La meva cuina es fonamenta en la <b>intu\u00efci\u00f3<\/b> per oferir <b>moments que recordar<\/b>&#8220;<\/p>\n\t\t\t\t\t\t\t\t<\/div>\n\t\t\t\t<\/div>\n\t\t\t\t<div class=\"elementor-element elementor-element-6de59b1 elementor-widget elementor-widget-text-editor\" data-id=\"6de59b1\" data-element_type=\"widget\" data-e-type=\"widget\" data-widget_type=\"text-editor.default\">\n\t\t\t\t<div class=\"elementor-widget-container\">\n\t\t\t\t\t\t\t\t\t<p><span style=\"font-weight: 400;\">Tomeu Caldentey Soler neix el 1972 a Sant Lloren\u00e7 des Cardassar, Mallorca. <\/span><\/p>\n<p><span style=\"font-weight: 400;\">Inicia els estudis d&#8217;hostaleria a l&#8217;especialitat de cuina a l&#8217;institut refer\u00e8ncia de Balears Jun\u00edper Serra l&#8217;any 1986. Realitza estades de pr\u00e0ctiques a diversos establiments de Mallorca com l&#8217;Hotel Son Vida, el restaurant Xoriguer (*Michelin) amb el mestre Juan Romero. En els seus primers anys com a professional t\u00e9 experi\u00e8ncies laborals a l&#8217;Eurotel de la Costa dels Pins, a l&#8217;hotel-restaurant ses Rotges (*Michelin) amb el mestre Gerad Tetard, al restaurant Son Floriana (cadena Protur hotels) entre d&#8217;altres establiments. Durant sis anys desenvolupa una tasca docent com a professor a l&#8217;Institut Jun\u00edper Serra i a l&#8217;escola d&#8217;hostaleria de les Illes Balears a la UIB. <\/span><\/p>\n<p><span style=\"font-weight: 400;\"> Amb 27 anys es va posar al comandament dels fogons d&#8217;Es Mol\u00ed den Bou. Tomeu Caldentey es va convertir all\u00e0 en el primer cuiner mallorqu\u00ed a rebre una estrella Michelin el 2004.<\/span><\/p>\n<p><span style=\"font-weight: 400;\"> Despr\u00e9s de revalidar la seva estrella 15 edicions consecutives i alguns escarafalls com el &#8220;Taronja Negre&#8221; al Club de Mar (Palma), decideix a mitjan 2018 renunciar volunt\u00e0riament a tan preuat guard\u00f3 per concentrar tot el seu esfor\u00e7 i coneixement en un nou i \u00fanic concepte m\u00e9s senzill i proper, per amb la mateixa excel\u00b7l\u00e8ncia culin\u00e0ria de sempre, poder arribar a un p\u00fablic m\u00e9s ampli. <\/span><\/p>\n<p><span style=\"font-weight: 400;\">Durant els anys d&#8217;Es Mol\u00ed d&#8217;en Bou es converteix en un dels ambaixadors de la cuina mallorquina creativa pel m\u00f3n ensenyant els nostres tresors culinaris en llocs com: Filipines, Xangai, Moscou, Alemanya, It\u00e0lia, Su\u00efssa, Rep\u00fablica Txeca, Anglaterra, Estats Units, Xile i evidentment en molts punts de la geografia espanyola. <\/span><\/p>\n<p><span style=\"font-weight: 400;\">Durant 5 anys, desenvolupa la seva faceta de comunicador culinari en diversos programes televisius de la cadena auton\u00f2mica de les Illes Balears IB3. Es converteix en un dels cuiners m\u00e9s populars de les nostres illes. <\/span><\/p>\n<p><span style=\"font-weight: 400;\"> Neix Tomeu Caldentey Cuiner, al mateix lloc d\u2019Es Mol\u00ed den Bou, a Sa Coma, Mallorca.<\/span><\/p>\n<p><span style=\"font-weight: 400;\">Les seves pr\u00f2pies paraules parlen per si soles: \u201cVaig passar de cuiner estrella a cuiner ras per ser m\u00e9s feli\u00e7\u201d.<\/span><\/p>\n<p><span style=\"font-weight: 400;\">Des de l\u2019any 2017 \u00e9s el coordinador del concurs nacional per a alumnes d\u2019escoles de cuina organitzat per la cadena hotelera Protur hotels. Concurs que gaudeix avui en dia d\u2019un gran prestigi en el m\u00f3n gastron\u00f2mic.<\/span><\/p>\n<p><span style=\"font-weight: 400;\"> A finals del 2023, en els \u201cI Premis gastron\u00f2mics de Mallorca\u201d, se li va concedir el premi al xef amb la millor traject\u00f2ria de l\u2019illa. <\/span><\/p>\n<p><span style=\"font-weight: 400;\">En la seva cuina s\u2019uneixen la originalitat, personalitat, sorpresa i excel\u00b7l\u00e8ncia. La seva creativitat va en proporci\u00f3 directa a la seva satisfacci\u00f3 amb un model que transmet optimisme, singularitat, gran ambient, tracte familiar i una excel\u00b7lent relaci\u00f3 qualitat\/preu. Aquest, probablement, \u00e9s el seu major \u00e8xit.<\/span><\/p>\n\t\t\t\t\t\t\t\t<\/div>\n\t\t\t\t<\/div>\n\t\t\t\t<div class=\"elementor-element elementor-element-08bb641 elementor-widget elementor-widget-button\" data-id=\"08bb641\" data-element_type=\"widget\" data-e-type=\"widget\" data-widget_type=\"button.default\">\n\t\t\t\t<div class=\"elementor-widget-container\">\n\t\t\t\t\t\t\t\t\t<div class=\"elementor-button-wrapper\">\n\t\t\t\t\t<a class=\"elementor-button elementor-button-link elementor-size-sm\" href=\"https:\/\/tomeucaldentey.com\/ca\/bons-regal\/\">\n\t\t\t\t\t\t<span class=\"elementor-button-content-wrapper\">\n\t\t\t\t\t\t\t\t\t<span class=\"elementor-button-text\">Opcions de bons de regal disponibles.<\/span>\n\t\t\t\t\t<\/span>\n\t\t\t\t\t<\/a>\n\t\t\t\t<\/div>\n\t\t\t\t\t\t\t\t<\/div>\n\t\t\t\t<\/div>\n\t\t\t\t<div class=\"elementor-element elementor-element-98af86a elementor-widget elementor-widget-button\" data-id=\"98af86a\" data-element_type=\"widget\" data-e-type=\"widget\" data-widget_type=\"button.default\">\n\t\t\t\t<div class=\"elementor-widget-container\">\n\t\t\t\t\t\t\t\t\t<div class=\"elementor-button-wrapper\">\n\t\t\t\t\t<a class=\"elementor-button elementor-button-link elementor-size-sm\" href=\"https:\/\/tomeucaldentey.com\/ca\/reservas-tomeu-caldentey\/\">\n\t\t\t\t\t\t<span class=\"elementor-button-content-wrapper\">\n\t\t\t\t\t\t\t\t\t<span class=\"elementor-button-text\">Reserva online<\/span>\n\t\t\t\t\t<\/span>\n\t\t\t\t\t<\/a>\n\t\t\t\t<\/div>\n\t\t\t\t\t\t\t\t<\/div>\n\t\t\t\t<\/div>\n\t\t\t\t<\/div>\n\t\t\t\t\t<\/div>\n\t\t\t\t<\/div>\n\t\t\t\t<\/div>\n\t\t","protected":false},"excerpt":{"rendered":"<p>Tomeu Caldentey Soler el cuiner &#8220;La meva cuina es fonamenta en la intu\u00efci\u00f3 per oferir moments que recordar&#8220; Tomeu Caldentey Soler neix el 1972 a Sant Lloren\u00e7 des Cardassar, Mallorca. Inicia els estudis d&#8217;hostaleria a l&#8217;especialitat de cuina a l&#8217;institut refer\u00e8ncia de Balears Jun\u00edper Serra l&#8217;any 1986. Realitza estades de pr\u00e0ctiques a diversos establiments de [&hellip;]<\/p>\n","protected":false},"author":1,"featured_media":987,"parent":0,"menu_order":0,"comment_status":"closed","ping_status":"closed","template":"elementor_header_footer","meta":{"footnotes":""},"class_list":["post-1165","page","type-page","status-publish","has-post-thumbnail","hentry"],"_links":{"self":[{"href":"https:\/\/tomeucaldentey.com\/ca\/wp-json\/wp\/v2\/pages\/1165","targetHints":{"allow":["GET"]}}],"collection":[{"href":"https:\/\/tomeucaldentey.com\/ca\/wp-json\/wp\/v2\/pages"}],"about":[{"href":"https:\/\/tomeucaldentey.com\/ca\/wp-json\/wp\/v2\/types\/page"}],"author":[{"embeddable":true,"href":"https:\/\/tomeucaldentey.com\/ca\/wp-json\/wp\/v2\/users\/1"}],"replies":[{"embeddable":true,"href":"https:\/\/tomeucaldentey.com\/ca\/wp-json\/wp\/v2\/comments?post=1165"}],"version-history":[{"count":3,"href":"https:\/\/tomeucaldentey.com\/ca\/wp-json\/wp\/v2\/pages\/1165\/revisions"}],"predecessor-version":[{"id":1322,"href":"https:\/\/tomeucaldentey.com\/ca\/wp-json\/wp\/v2\/pages\/1165\/revisions\/1322"}],"wp:featuredmedia":[{"embeddable":true,"href":"https:\/\/tomeucaldentey.com\/ca\/wp-json\/wp\/v2\/media\/987"}],"wp:attachment":[{"href":"https:\/\/tomeucaldentey.com\/ca\/wp-json\/wp\/v2\/media?parent=1165"}],"curies":[{"name":"wp","href":"https:\/\/api.w.org\/{rel}","templated":true}]}}

<div data-elementor-type="wp-page" data-elementor-id="1165" class="elementor elementor-1165 elementor-28" data-elementor-post-type="page">
				<div class="elementor-element elementor-element-a27289d e-flex e-con-boxed e-con e-parent" data-id="a27289d" data-element_type="container" data-e-type="container" data-settings="{&quot;background_background&quot;:&quot;classic&quot;}">
					<div class="e-con-inner">
		<div class="elementor-element elementor-element-8d094cc e-con-full e-flex e-con e-child" data-id="8d094cc" data-element_type="container" data-e-type="container" data-settings="{&quot;sticky&quot;:&quot;top&quot;,&quot;sticky_on&quot;:[&quot;desktop&quot;],&quot;sticky_offset&quot;:110,&quot;sticky_parent&quot;:&quot;yes&quot;,&quot;sticky_effects_offset&quot;:0,&quot;sticky_anchor_link_offset&quot;:0}">
				<div class="elementor-element elementor-element-8d0efad elementor-widget elementor-widget-image" data-id="8d0efad" data-element_type="widget" data-e-type="widget" data-widget_type="image.default">
				<div class="elementor-widget-container">
																<a href="https://tomeucaldentey.com/wp-content/uploads/2024/02/tomeu-caldentey-restaurante-mallorca-2.jpeg" data-elementor-open-lightbox="yes" data-e-action-hash="#elementor-action%3Aaction%3Dlightbox%26settings%3DeyJpZCI6MTAwMiwidXJsIjoiaHR0cHM6XC9cL3RvbWV1Y2FsZGVudGV5LmNvbVwvd3AtY29udGVudFwvdXBsb2Fkc1wvMjAyNFwvMDJcL3RvbWV1LWNhbGRlbnRleS1yZXN0YXVyYW50ZS1tYWxsb3JjYS0yLmpwZWcifQ%3D%3D">
							<img fetchpriority="high" decoding="async" width="1365" height="2048" src="https://tomeucaldentey.com/wp-content/uploads/2024/02/tomeu-caldentey-restaurante-mallorca-2.jpeg" class="attachment-full size-full wp-image-1002" alt="" srcset="https://tomeucaldentey.com/wp-content/uploads/2024/02/tomeu-caldentey-restaurante-mallorca-2.jpeg 1365w, https://tomeucaldentey.com/wp-content/uploads/2024/02/tomeu-caldentey-restaurante-mallorca-2-200x300.jpeg 200w, https://tomeucaldentey.com/wp-content/uploads/2024/02/tomeu-caldentey-restaurante-mallorca-2-683x1024.jpeg 683w, https://tomeucaldentey.com/wp-content/uploads/2024/02/tomeu-caldentey-restaurante-mallorca-2-768x1152.jpeg 768w, https://tomeucaldentey.com/wp-content/uploads/2024/02/tomeu-caldentey-restaurante-mallorca-2-1024x1536.jpeg 1024w" sizes="(max-width: 1365px) 100vw, 1365px" />								</a>
															</div>
				</div>
				</div>
		<div class="elementor-element elementor-element-cc4a102 e-con-full e-flex e-con e-child" data-id="cc4a102" data-element_type="container" data-e-type="container">
				<div class="elementor-element elementor-element-2fc4888 elementor-widget elementor-widget-heading" data-id="2fc4888" data-element_type="widget" data-e-type="widget" data-widget_type="heading.default">
				<div class="elementor-widget-container">
					<h1 class="elementor-heading-title elementor-size-default">Tomeu Caldentey Soler</h1>				</div>
				</div>
				<div class="elementor-element elementor-element-60ae9d0 e-transform elementor-widget-tablet__width-inherit elementor-widget elementor-widget-heading" data-id="60ae9d0" data-element_type="widget" data-e-type="widget" data-settings="{&quot;_transform_rotateZ_effect&quot;:{&quot;unit&quot;:&quot;px&quot;,&quot;size&quot;:-5,&quot;sizes&quot;:[]},&quot;_transform_rotateZ_effect_tablet&quot;:{&quot;unit&quot;:&quot;deg&quot;,&quot;size&quot;:&quot;&quot;,&quot;sizes&quot;:[]},&quot;_transform_rotateZ_effect_mobile&quot;:{&quot;unit&quot;:&quot;deg&quot;,&quot;size&quot;:&quot;&quot;,&quot;sizes&quot;:[]}}" data-widget_type="heading.default">
				<div class="elementor-widget-container">
					<h2 class="elementor-heading-title elementor-size-default">el cuiner</h2>				</div>
				</div>
				<div class="elementor-element elementor-element-81a7f99 elementor-widget-tablet__width-inherit elementor-widget elementor-widget-text-editor" data-id="81a7f99" data-element_type="widget" data-e-type="widget" data-widget_type="text-editor.default">
				<div class="elementor-widget-container">
									<p>&#8220;La meva cuina es fonamenta en la <b>intuïció</b> per oferir <b>moments que recordar</b>&#8220;</p>
								</div>
				</div>
				<div class="elementor-element elementor-element-6de59b1 elementor-widget elementor-widget-text-editor" data-id="6de59b1" data-element_type="widget" data-e-type="widget" data-widget_type="text-editor.default">
				<div class="elementor-widget-container">
									<p><span style="font-weight: 400;">Tomeu Caldentey Soler neix el 1972 a Sant Llorenç des Cardassar, Mallorca. </span></p>
<p><span style="font-weight: 400;">Inicia els estudis d&#8217;hostaleria a l&#8217;especialitat de cuina a l&#8217;institut referència de Balears Juníper Serra l&#8217;any 1986. Realitza estades de pràctiques a diversos establiments de Mallorca com l&#8217;Hotel Son Vida, el restaurant Xoriguer (*Michelin) amb el mestre Juan Romero. En els seus primers anys com a professional té experiències laborals a l&#8217;Eurotel de la Costa dels Pins, a l&#8217;hotel-restaurant ses Rotges (*Michelin) amb el mestre Gerad Tetard, al restaurant Son Floriana (cadena Protur hotels) entre d&#8217;altres establiments. Durant sis anys desenvolupa una tasca docent com a professor a l&#8217;Institut Juníper Serra i a l&#8217;escola d&#8217;hostaleria de les Illes Balears a la UIB. </span></p>
<p><span style="font-weight: 400;"> Amb 27 anys es va posar al comandament dels fogons d&#8217;Es Molí den Bou. Tomeu Caldentey es va convertir allà en el primer cuiner mallorquí a rebre una estrella Michelin el 2004.</span></p>
<p><span style="font-weight: 400;"> Després de revalidar la seva estrella 15 edicions consecutives i alguns escarafalls com el &#8220;Taronja Negre&#8221; al Club de Mar (Palma), decideix a mitjan 2018 renunciar voluntàriament a tan preuat guardó per concentrar tot el seu esforç i coneixement en un nou i únic concepte més senzill i proper, per amb la mateixa excel·lència culinària de sempre, poder arribar a un públic més ampli. </span></p>
<p><span style="font-weight: 400;">Durant els anys d&#8217;Es Molí d&#8217;en Bou es converteix en un dels ambaixadors de la cuina mallorquina creativa pel món ensenyant els nostres tresors culinaris en llocs com: Filipines, Xangai, Moscou, Alemanya, Itàlia, Suïssa, República Txeca, Anglaterra, Estats Units, Xile i evidentment en molts punts de la geografia espanyola. </span></p>
<p><span style="font-weight: 400;">Durant 5 anys, desenvolupa la seva faceta de comunicador culinari en diversos programes televisius de la cadena autonòmica de les Illes Balears IB3. Es converteix en un dels cuiners més populars de les nostres illes. </span></p>
<p><span style="font-weight: 400;"> Neix Tomeu Caldentey Cuiner, al mateix lloc d’Es Molí den Bou, a Sa Coma, Mallorca.</span></p>
<p><span style="font-weight: 400;">Les seves pròpies paraules parlen per si soles: “Vaig passar de cuiner estrella a cuiner ras per ser més feliç”.</span></p>
<p><span style="font-weight: 400;">Des de l’any 2017 és el coordinador del concurs nacional per a alumnes d’escoles de cuina organitzat per la cadena hotelera Protur hotels. Concurs que gaudeix avui en dia d’un gran prestigi en el món gastronòmic.</span></p>
<p><span style="font-weight: 400;"> A finals del 2023, en els “I Premis gastronòmics de Mallorca”, se li va concedir el premi al xef amb la millor trajectòria de l’illa. </span></p>
<p><span style="font-weight: 400;">En la seva cuina s’uneixen la originalitat, personalitat, sorpresa i excel·lència. La seva creativitat va en proporció directa a la seva satisfacció amb un model que transmet optimisme, singularitat, gran ambient, tracte familiar i una excel·lent relació qualitat/preu. Aquest, probablement, és el seu major èxit.</span></p>
								</div>
				</div>
				<div class="elementor-element elementor-element-08bb641 elementor-widget elementor-widget-button" data-id="08bb641" data-element_type="widget" data-e-type="widget" data-widget_type="button.default">
				<div class="elementor-widget-container">
									<div class="elementor-button-wrapper">
					<a class="elementor-button elementor-button-link elementor-size-sm" href="https://tomeucaldentey.com/ca/bons-regal/">
						<span class="elementor-button-content-wrapper">
									<span class="elementor-button-text">Opcions de bons de regal disponibles.</span>
					</span>
					</a>
				</div>
								</div>
				</div>
				<div class="elementor-element elementor-element-98af86a elementor-widget elementor-widget-button" data-id="98af86a" data-element_type="widget" data-e-type="widget" data-widget_type="button.default">
				<div class="elementor-widget-container">
									<div class="elementor-button-wrapper">
					<a class="elementor-button elementor-button-link elementor-size-sm" href="https://tomeucaldentey.com/ca/reservas-tomeu-caldentey/">
						<span class="elementor-button-content-wrapper">
									<span class="elementor-button-text">Reserva online</span>
					</span>
					</a>
				</div>
								</div>
				</div>
				</div>
					</div>
				</div>
				</div>

<p>Tomeu Caldentey Soler el cuiner &#8220;La meva cuina es fonamenta en la intuïció per oferir moments que recordar&#8220; Tomeu Caldentey Soler neix el 1972 a Sant Llorenç des Cardassar, Mallorca. Inicia els estudis d&#8217;hostaleria a l&#8217;especialitat de cuina a l&#8217;institut referència de Balears Juníper Serra l&#8217;any 1986. Realitza estades de pràctiques a diversos establiments de [&hellip;]</p>
