{"id":1215,"date":"2024-01-12T15:50:00","date_gmt":"2024-01-12T15:50:00","guid":{"rendered":"https:\/\/tomeucaldentey.com\/der-koch\/"},"modified":"2024-03-15T09:54:10","modified_gmt":"2024-03-15T09:54:10","slug":"der-koch","status":"publish","type":"page","link":"https:\/\/tomeucaldentey.com\/de\/der-koch\/","title":{"rendered":"El cuiner"},"content":{"rendered":"\t\t<div data-elementor-type=\"wp-page\" data-elementor-id=\"1215\" class=\"elementor elementor-1215 elementor-28\" data-elementor-post-type=\"page\">\n\t\t\t\t<div class=\"elementor-element elementor-element-a27289d e-flex e-con-boxed e-con e-parent\" data-id=\"a27289d\" data-element_type=\"container\" data-e-type=\"container\" data-settings=\"{&quot;background_background&quot;:&quot;classic&quot;}\">\n\t\t\t\t\t<div class=\"e-con-inner\">\n\t\t<div class=\"elementor-element elementor-element-8d094cc e-con-full e-flex e-con e-child\" data-id=\"8d094cc\" data-element_type=\"container\" data-e-type=\"container\" data-settings=\"{&quot;sticky&quot;:&quot;top&quot;,&quot;sticky_on&quot;:[&quot;desktop&quot;],&quot;sticky_offset&quot;:110,&quot;sticky_parent&quot;:&quot;yes&quot;,&quot;sticky_effects_offset&quot;:0,&quot;sticky_anchor_link_offset&quot;:0}\">\n\t\t\t\t<div class=\"elementor-element elementor-element-8d0efad elementor-widget elementor-widget-image\" data-id=\"8d0efad\" data-element_type=\"widget\" data-e-type=\"widget\" data-widget_type=\"image.default\">\n\t\t\t\t<div class=\"elementor-widget-container\">\n\t\t\t\t\t\t\t\t\t\t\t\t\t\t\t\t<a href=\"https:\/\/tomeucaldentey.com\/wp-content\/uploads\/2024\/02\/tomeu-caldentey-restaurante-mallorca-2.jpeg\" data-elementor-open-lightbox=\"yes\" data-e-action-hash=\"#elementor-action%3Aaction%3Dlightbox%26settings%3DeyJpZCI6MTAwNCwidXJsIjoiaHR0cHM6XC9cL3RvbWV1Y2FsZGVudGV5LmNvbVwvd3AtY29udGVudFwvdXBsb2Fkc1wvMjAyNFwvMDJcL3RvbWV1LWNhbGRlbnRleS1yZXN0YXVyYW50ZS1tYWxsb3JjYS0yLmpwZWcifQ%3D%3D\">\n\t\t\t\t\t\t\t<img fetchpriority=\"high\" decoding=\"async\" width=\"1365\" height=\"2048\" src=\"https:\/\/tomeucaldentey.com\/wp-content\/uploads\/2024\/02\/tomeu-caldentey-restaurante-mallorca-2.jpeg\" class=\"attachment-full size-full wp-image-1004\" alt=\"\" srcset=\"https:\/\/tomeucaldentey.com\/wp-content\/uploads\/2024\/02\/tomeu-caldentey-restaurante-mallorca-2.jpeg 1365w, https:\/\/tomeucaldentey.com\/wp-content\/uploads\/2024\/02\/tomeu-caldentey-restaurante-mallorca-2-200x300.jpeg 200w, https:\/\/tomeucaldentey.com\/wp-content\/uploads\/2024\/02\/tomeu-caldentey-restaurante-mallorca-2-683x1024.jpeg 683w, https:\/\/tomeucaldentey.com\/wp-content\/uploads\/2024\/02\/tomeu-caldentey-restaurante-mallorca-2-768x1152.jpeg 768w, https:\/\/tomeucaldentey.com\/wp-content\/uploads\/2024\/02\/tomeu-caldentey-restaurante-mallorca-2-1024x1536.jpeg 1024w\" sizes=\"(max-width: 1365px) 100vw, 1365px\" \/>\t\t\t\t\t\t\t\t<\/a>\n\t\t\t\t\t\t\t\t\t\t\t\t\t\t\t<\/div>\n\t\t\t\t<\/div>\n\t\t\t\t<\/div>\n\t\t<div class=\"elementor-element elementor-element-cc4a102 e-con-full e-flex e-con e-child\" data-id=\"cc4a102\" data-element_type=\"container\" data-e-type=\"container\">\n\t\t\t\t<div class=\"elementor-element elementor-element-2fc4888 elementor-widget elementor-widget-heading\" data-id=\"2fc4888\" data-element_type=\"widget\" data-e-type=\"widget\" data-widget_type=\"heading.default\">\n\t\t\t\t<div class=\"elementor-widget-container\">\n\t\t\t\t\t<h1 class=\"elementor-heading-title elementor-size-default\">Tomeu Caldentey Soler<\/h1>\t\t\t\t<\/div>\n\t\t\t\t<\/div>\n\t\t\t\t<div class=\"elementor-element elementor-element-60ae9d0 e-transform elementor-widget-tablet__width-inherit elementor-widget elementor-widget-heading\" data-id=\"60ae9d0\" data-element_type=\"widget\" data-e-type=\"widget\" data-settings=\"{&quot;_transform_rotateZ_effect&quot;:{&quot;unit&quot;:&quot;px&quot;,&quot;size&quot;:-5,&quot;sizes&quot;:[]},&quot;_transform_rotateZ_effect_tablet&quot;:{&quot;unit&quot;:&quot;deg&quot;,&quot;size&quot;:&quot;&quot;,&quot;sizes&quot;:[]},&quot;_transform_rotateZ_effect_mobile&quot;:{&quot;unit&quot;:&quot;deg&quot;,&quot;size&quot;:&quot;&quot;,&quot;sizes&quot;:[]}}\" data-widget_type=\"heading.default\">\n\t\t\t\t<div class=\"elementor-widget-container\">\n\t\t\t\t\t<h2 class=\"elementor-heading-title elementor-size-default\">el cuiner<\/h2>\t\t\t\t<\/div>\n\t\t\t\t<\/div>\n\t\t\t\t<div class=\"elementor-element elementor-element-81a7f99 elementor-widget-tablet__width-inherit elementor-widget elementor-widget-text-editor\" data-id=\"81a7f99\" data-element_type=\"widget\" data-e-type=\"widget\" data-widget_type=\"text-editor.default\">\n\t\t\t\t<div class=\"elementor-widget-container\">\n\t\t\t\t\t\t\t\t\t<p>&#8222;Meine K\u00fcche basiert auf <strong>Intuition<\/strong>, um unvergessliche<strong> Momente zu bieten<\/strong>&#8222;<\/p>\n<div id=\"gtx-trans\" style=\"position: absolute; left: 60px; top: 61.5469px;\">\n<div class=\"gtx-trans-icon\"><\/div>\n<\/div>\n\t\t\t\t\t\t\t\t<\/div>\n\t\t\t\t<\/div>\n\t\t\t\t<div class=\"elementor-element elementor-element-6de59b1 elementor-widget elementor-widget-text-editor\" data-id=\"6de59b1\" data-element_type=\"widget\" data-e-type=\"widget\" data-widget_type=\"text-editor.default\">\n\t\t\t\t<div class=\"elementor-widget-container\">\n\t\t\t\t\t\t\t\t\t<p>Tomeu Caldentey Soler wurde 1972 in Sant Lloren\u00e7 des Cardassar, Mallorca, geboren.<\/p>\n<p>Er begann seine Ausbildung in der Gastronomie mit Spezialisierung auf Kochen am Jun\u00edper Serra Referenzinstitut auf den Balearischen Inseln im Jahr 1986. Er absolvierte Praktika in verschiedenen Einrichtungen auf Mallorca wie dem Hotel Son Vida und dem Restaurant Xoriguer (*Michelin) unter der Leitung von Meister Juan Romero. In seinen fr\u00fchen Berufsjahren sammelte er Erfahrungen im Eurotel in Costa de los Pinos, im Hotel-Restaurant ses Rotges (*Michelin) mit Meister Gerad Tetard und im Restaurant Son Floriana (Protur Hotels Kette) sowie in anderen Einrichtungen. \u00dcber sechs Jahre hinweg engagierte er sich als Lehrer am Jun\u00edper Serra Institut und an der Hotelfachschule der Balearischen Inseln an der UIB.<\/p>\n<p>Mit 27 Jahren \u00fcbernahm er die Leitung der K\u00fcche von Es Mol\u00ed den Bou. Tomeu Caldentey wurde dort 2004 der erste mallorquinische Koch, der einen Michelin-Stern erhielt.<\/p>\n<p>Nachdem er seinen Stern 15 aufeinanderfolgende Ausgaben lang gehalten und verschiedene Abenteuer wie &#8222;Taronja Negre&#8220; im Club de Mar (Palma) erkundet hatte, entschied er sich Mitte 2018, diesen prestigetr\u00e4chtigen Preis freiwillig abzugeben, um sich auf ein neues, einfacheres und zug\u00e4nglicheres Konzept zu konzentrieren. Mit derselben kulinarischen Exzellenz wollte er ein breiteres Publikum erreichen.<\/p>\n<p>W\u00e4hrend der Jahre bei Es Mol\u00ed d&#8217;en Bou wurde er zu einem der Botschafter der kreativen mallorquinischen K\u00fcche weltweit, der unsere kulinarischen Sch\u00e4tze an Orten wie den Philippinen, Shanghai, Moskau, Deutschland, Italien, der Schweiz, der Tschechischen Republik, England, den Vereinigten Staaten, Chile und nat\u00fcrlich an vielen Orten in Spanien pr\u00e4sentierte.<\/p>\n<p>W\u00e4hrend 5 Jahren entwickelt er seine Rolle als kulinarischer Kommunikator in verschiedenen Fernsehprogrammen des regionalen Senders der Balearen IB3. Er wird zu einem der beliebtesten K\u00f6che unserer Inseln.<\/p>\n<p>Tomeu Caldentey Cuiner wird im gleichen Ort Es Mol\u00ed den Bou in Sa Coma, Mallorca, geboren.<\/p>\n<p>Seine eigenen Worte sprechen f\u00fcr sich: \u201cIch wechselte vom Sternekoch zum einfachen Koch, um gl\u00fccklicher zu sein.\u201d<\/p>\n<p>Seit 2017 ist er der Koordinator des nationalen Kochwettbewerbs f\u00fcr Sch\u00fcler von Kochschulen, organisiert von der Hotelkette Protur Hotels. Der Wettbewerb genie\u00dft heute einen hervorragenden Ruf in der gastronomischen Welt.<\/p>\n<p>Ende 2023 wurde ihm bei den \u201cI Premis gastron\u00f2mics de Mallorca\u201d der Preis f\u00fcr den Koch mit der besten Laufbahn auf der Insel verliehen.<\/p>\n<p>In seiner K\u00fcche vereinen sich Originalit\u00e4t, Pers\u00f6nlichkeit, \u00dcberraschung und Exzellenz. Seine Kreativit\u00e4t steht in direktem Verh\u00e4ltnis zu seiner Zufriedenheit mit einem Modell, das Optimismus, Einzigartigkeit, eine gro\u00dfartige Atmosph\u00e4re, famili\u00e4ren Umgang und ein ausgezeichnetes Preis-Leistungs-Verh\u00e4ltnis vermittelt. Das ist wahrscheinlich sein gr\u00f6\u00dfter Erfolg.<\/p>\n\t\t\t\t\t\t\t\t<\/div>\n\t\t\t\t<\/div>\n\t\t\t\t<div class=\"elementor-element elementor-element-08bb641 elementor-widget elementor-widget-button\" data-id=\"08bb641\" data-element_type=\"widget\" data-e-type=\"widget\" data-widget_type=\"button.default\">\n\t\t\t\t<div class=\"elementor-widget-container\">\n\t\t\t\t\t\t\t\t\t<div class=\"elementor-button-wrapper\">\n\t\t\t\t\t<a class=\"elementor-button elementor-button-link elementor-size-sm\" href=\"https:\/\/tomeucaldentey.com\/de\/geschenkgutschein\/\">\n\t\t\t\t\t\t<span class=\"elementor-button-content-wrapper\">\n\t\t\t\t\t\t\t\t\t<span class=\"elementor-button-text\">VER BONUSOPTIONEN ZUM VERSCHENKEN<\/span>\n\t\t\t\t\t<\/span>\n\t\t\t\t\t<\/a>\n\t\t\t\t<\/div>\n\t\t\t\t\t\t\t\t<\/div>\n\t\t\t\t<\/div>\n\t\t\t\t<div class=\"elementor-element elementor-element-98af86a elementor-widget elementor-widget-button\" data-id=\"98af86a\" data-element_type=\"widget\" data-e-type=\"widget\" data-widget_type=\"button.default\">\n\t\t\t\t<div class=\"elementor-widget-container\">\n\t\t\t\t\t\t\t\t\t<div class=\"elementor-button-wrapper\">\n\t\t\t\t\t<a class=\"elementor-button elementor-button-link elementor-size-sm\" href=\"https:\/\/tomeucaldentey.com\/de\/reserviert-tomeu-caldentey\/\">\n\t\t\t\t\t\t<span class=\"elementor-button-content-wrapper\">\n\t\t\t\t\t\t\t\t\t<span class=\"elementor-button-text\">ONLINE BUCHEN<\/span>\n\t\t\t\t\t<\/span>\n\t\t\t\t\t<\/a>\n\t\t\t\t<\/div>\n\t\t\t\t\t\t\t\t<\/div>\n\t\t\t\t<\/div>\n\t\t\t\t<\/div>\n\t\t\t\t\t<\/div>\n\t\t\t\t<\/div>\n\t\t\t\t<\/div>\n\t\t","protected":false},"excerpt":{"rendered":"<p>Tomeu Caldentey Soler el cuiner &#8222;Meine K\u00fcche basiert auf Intuition, um unvergessliche Momente zu bieten&#8222; Tomeu Caldentey Soler wurde 1972 in Sant Lloren\u00e7 des Cardassar, Mallorca, geboren. Er begann seine Ausbildung in der Gastronomie mit Spezialisierung auf Kochen am Jun\u00edper Serra Referenzinstitut auf den Balearischen Inseln im Jahr 1986. Er absolvierte Praktika in verschiedenen Einrichtungen [&hellip;]<\/p>\n","protected":false},"author":1,"featured_media":989,"parent":0,"menu_order":0,"comment_status":"closed","ping_status":"closed","template":"elementor_header_footer","meta":{"footnotes":""},"class_list":["post-1215","page","type-page","status-publish","has-post-thumbnail","hentry"],"_links":{"self":[{"href":"https:\/\/tomeucaldentey.com\/de\/wp-json\/wp\/v2\/pages\/1215","targetHints":{"allow":["GET"]}}],"collection":[{"href":"https:\/\/tomeucaldentey.com\/de\/wp-json\/wp\/v2\/pages"}],"about":[{"href":"https:\/\/tomeucaldentey.com\/de\/wp-json\/wp\/v2\/types\/page"}],"author":[{"embeddable":true,"href":"https:\/\/tomeucaldentey.com\/de\/wp-json\/wp\/v2\/users\/1"}],"replies":[{"embeddable":true,"href":"https:\/\/tomeucaldentey.com\/de\/wp-json\/wp\/v2\/comments?post=1215"}],"version-history":[{"count":3,"href":"https:\/\/tomeucaldentey.com\/de\/wp-json\/wp\/v2\/pages\/1215\/revisions"}],"predecessor-version":[{"id":1326,"href":"https:\/\/tomeucaldentey.com\/de\/wp-json\/wp\/v2\/pages\/1215\/revisions\/1326"}],"wp:featuredmedia":[{"embeddable":true,"href":"https:\/\/tomeucaldentey.com\/de\/wp-json\/wp\/v2\/media\/989"}],"wp:attachment":[{"href":"https:\/\/tomeucaldentey.com\/de\/wp-json\/wp\/v2\/media?parent=1215"}],"curies":[{"name":"wp","href":"https:\/\/api.w.org\/{rel}","templated":true}]}}

<div data-elementor-type="wp-page" data-elementor-id="1215" class="elementor elementor-1215 elementor-28" data-elementor-post-type="page">
				<div class="elementor-element elementor-element-a27289d e-flex e-con-boxed e-con e-parent" data-id="a27289d" data-element_type="container" data-e-type="container" data-settings="{&quot;background_background&quot;:&quot;classic&quot;}">
					<div class="e-con-inner">
		<div class="elementor-element elementor-element-8d094cc e-con-full e-flex e-con e-child" data-id="8d094cc" data-element_type="container" data-e-type="container" data-settings="{&quot;sticky&quot;:&quot;top&quot;,&quot;sticky_on&quot;:[&quot;desktop&quot;],&quot;sticky_offset&quot;:110,&quot;sticky_parent&quot;:&quot;yes&quot;,&quot;sticky_effects_offset&quot;:0,&quot;sticky_anchor_link_offset&quot;:0}">
				<div class="elementor-element elementor-element-8d0efad elementor-widget elementor-widget-image" data-id="8d0efad" data-element_type="widget" data-e-type="widget" data-widget_type="image.default">
				<div class="elementor-widget-container">
																<a href="https://tomeucaldentey.com/wp-content/uploads/2024/02/tomeu-caldentey-restaurante-mallorca-2.jpeg" data-elementor-open-lightbox="yes" data-e-action-hash="#elementor-action%3Aaction%3Dlightbox%26settings%3DeyJpZCI6MTAwNCwidXJsIjoiaHR0cHM6XC9cL3RvbWV1Y2FsZGVudGV5LmNvbVwvd3AtY29udGVudFwvdXBsb2Fkc1wvMjAyNFwvMDJcL3RvbWV1LWNhbGRlbnRleS1yZXN0YXVyYW50ZS1tYWxsb3JjYS0yLmpwZWcifQ%3D%3D">
							<img fetchpriority="high" decoding="async" width="1365" height="2048" src="https://tomeucaldentey.com/wp-content/uploads/2024/02/tomeu-caldentey-restaurante-mallorca-2.jpeg" class="attachment-full size-full wp-image-1004" alt="" srcset="https://tomeucaldentey.com/wp-content/uploads/2024/02/tomeu-caldentey-restaurante-mallorca-2.jpeg 1365w, https://tomeucaldentey.com/wp-content/uploads/2024/02/tomeu-caldentey-restaurante-mallorca-2-200x300.jpeg 200w, https://tomeucaldentey.com/wp-content/uploads/2024/02/tomeu-caldentey-restaurante-mallorca-2-683x1024.jpeg 683w, https://tomeucaldentey.com/wp-content/uploads/2024/02/tomeu-caldentey-restaurante-mallorca-2-768x1152.jpeg 768w, https://tomeucaldentey.com/wp-content/uploads/2024/02/tomeu-caldentey-restaurante-mallorca-2-1024x1536.jpeg 1024w" sizes="(max-width: 1365px) 100vw, 1365px" />								</a>
															</div>
				</div>
				</div>
		<div class="elementor-element elementor-element-cc4a102 e-con-full e-flex e-con e-child" data-id="cc4a102" data-element_type="container" data-e-type="container">
				<div class="elementor-element elementor-element-2fc4888 elementor-widget elementor-widget-heading" data-id="2fc4888" data-element_type="widget" data-e-type="widget" data-widget_type="heading.default">
				<div class="elementor-widget-container">
					<h1 class="elementor-heading-title elementor-size-default">Tomeu Caldentey Soler</h1>				</div>
				</div>
				<div class="elementor-element elementor-element-60ae9d0 e-transform elementor-widget-tablet__width-inherit elementor-widget elementor-widget-heading" data-id="60ae9d0" data-element_type="widget" data-e-type="widget" data-settings="{&quot;_transform_rotateZ_effect&quot;:{&quot;unit&quot;:&quot;px&quot;,&quot;size&quot;:-5,&quot;sizes&quot;:[]},&quot;_transform_rotateZ_effect_tablet&quot;:{&quot;unit&quot;:&quot;deg&quot;,&quot;size&quot;:&quot;&quot;,&quot;sizes&quot;:[]},&quot;_transform_rotateZ_effect_mobile&quot;:{&quot;unit&quot;:&quot;deg&quot;,&quot;size&quot;:&quot;&quot;,&quot;sizes&quot;:[]}}" data-widget_type="heading.default">
				<div class="elementor-widget-container">
					<h2 class="elementor-heading-title elementor-size-default">el cuiner</h2>				</div>
				</div>
				<div class="elementor-element elementor-element-81a7f99 elementor-widget-tablet__width-inherit elementor-widget elementor-widget-text-editor" data-id="81a7f99" data-element_type="widget" data-e-type="widget" data-widget_type="text-editor.default">
				<div class="elementor-widget-container">
									<p>&#8222;Meine Küche basiert auf <strong>Intuition</strong>, um unvergessliche<strong> Momente zu bieten</strong>&#8222;</p>
<div id="gtx-trans" style="position: absolute; left: 60px; top: 61.5469px;">
<div class="gtx-trans-icon"></div>
</div>
								</div>
				</div>
				<div class="elementor-element elementor-element-6de59b1 elementor-widget elementor-widget-text-editor" data-id="6de59b1" data-element_type="widget" data-e-type="widget" data-widget_type="text-editor.default">
				<div class="elementor-widget-container">
									<p>Tomeu Caldentey Soler wurde 1972 in Sant Llorenç des Cardassar, Mallorca, geboren.</p>
<p>Er begann seine Ausbildung in der Gastronomie mit Spezialisierung auf Kochen am Juníper Serra Referenzinstitut auf den Balearischen Inseln im Jahr 1986. Er absolvierte Praktika in verschiedenen Einrichtungen auf Mallorca wie dem Hotel Son Vida und dem Restaurant Xoriguer (*Michelin) unter der Leitung von Meister Juan Romero. In seinen frühen Berufsjahren sammelte er Erfahrungen im Eurotel in Costa de los Pinos, im Hotel-Restaurant ses Rotges (*Michelin) mit Meister Gerad Tetard und im Restaurant Son Floriana (Protur Hotels Kette) sowie in anderen Einrichtungen. Über sechs Jahre hinweg engagierte er sich als Lehrer am Juníper Serra Institut und an der Hotelfachschule der Balearischen Inseln an der UIB.</p>
<p>Mit 27 Jahren übernahm er die Leitung der Küche von Es Molí den Bou. Tomeu Caldentey wurde dort 2004 der erste mallorquinische Koch, der einen Michelin-Stern erhielt.</p>
<p>Nachdem er seinen Stern 15 aufeinanderfolgende Ausgaben lang gehalten und verschiedene Abenteuer wie &#8222;Taronja Negre&#8220; im Club de Mar (Palma) erkundet hatte, entschied er sich Mitte 2018, diesen prestigeträchtigen Preis freiwillig abzugeben, um sich auf ein neues, einfacheres und zugänglicheres Konzept zu konzentrieren. Mit derselben kulinarischen Exzellenz wollte er ein breiteres Publikum erreichen.</p>
<p>Während der Jahre bei Es Molí d&#8217;en Bou wurde er zu einem der Botschafter der kreativen mallorquinischen Küche weltweit, der unsere kulinarischen Schätze an Orten wie den Philippinen, Shanghai, Moskau, Deutschland, Italien, der Schweiz, der Tschechischen Republik, England, den Vereinigten Staaten, Chile und natürlich an vielen Orten in Spanien präsentierte.</p>
<p>Während 5 Jahren entwickelt er seine Rolle als kulinarischer Kommunikator in verschiedenen Fernsehprogrammen des regionalen Senders der Balearen IB3. Er wird zu einem der beliebtesten Köche unserer Inseln.</p>
<p>Tomeu Caldentey Cuiner wird im gleichen Ort Es Molí den Bou in Sa Coma, Mallorca, geboren.</p>
<p>Seine eigenen Worte sprechen für sich: “Ich wechselte vom Sternekoch zum einfachen Koch, um glücklicher zu sein.”</p>
<p>Seit 2017 ist er der Koordinator des nationalen Kochwettbewerbs für Schüler von Kochschulen, organisiert von der Hotelkette Protur Hotels. Der Wettbewerb genießt heute einen hervorragenden Ruf in der gastronomischen Welt.</p>
<p>Ende 2023 wurde ihm bei den “I Premis gastronòmics de Mallorca” der Preis für den Koch mit der besten Laufbahn auf der Insel verliehen.</p>
<p>In seiner Küche vereinen sich Originalität, Persönlichkeit, Überraschung und Exzellenz. Seine Kreativität steht in direktem Verhältnis zu seiner Zufriedenheit mit einem Modell, das Optimismus, Einzigartigkeit, eine großartige Atmosphäre, familiären Umgang und ein ausgezeichnetes Preis-Leistungs-Verhältnis vermittelt. Das ist wahrscheinlich sein größter Erfolg.</p>
								</div>
				</div>
				<div class="elementor-element elementor-element-08bb641 elementor-widget elementor-widget-button" data-id="08bb641" data-element_type="widget" data-e-type="widget" data-widget_type="button.default">
				<div class="elementor-widget-container">
									<div class="elementor-button-wrapper">
					<a class="elementor-button elementor-button-link elementor-size-sm" href="https://tomeucaldentey.com/de/geschenkgutschein/">
						<span class="elementor-button-content-wrapper">
									<span class="elementor-button-text">VER BONUSOPTIONEN ZUM VERSCHENKEN</span>
					</span>
					</a>
				</div>
								</div>
				</div>
				<div class="elementor-element elementor-element-98af86a elementor-widget elementor-widget-button" data-id="98af86a" data-element_type="widget" data-e-type="widget" data-widget_type="button.default">
				<div class="elementor-widget-container">
									<div class="elementor-button-wrapper">
					<a class="elementor-button elementor-button-link elementor-size-sm" href="https://tomeucaldentey.com/de/reserviert-tomeu-caldentey/">
						<span class="elementor-button-content-wrapper">
									<span class="elementor-button-text">ONLINE BUCHEN</span>
					</span>
					</a>
				</div>
								</div>
				</div>
				</div>
					</div>
				</div>
				</div>

<p>Tomeu Caldentey Soler el cuiner &#8222;Meine Küche basiert auf Intuition, um unvergessliche Momente zu bieten&#8222; Tomeu Caldentey Soler wurde 1972 in Sant Llorenç des Cardassar, Mallorca, geboren. Er begann seine Ausbildung in der Gastronomie mit Spezialisierung auf Kochen am Juníper Serra Referenzinstitut auf den Balearischen Inseln im Jahr 1986. Er absolvierte Praktika in verschiedenen Einrichtungen [&hellip;]</p>
